 + 4*h = 3*r - 88. What is the highest common divisor of r and 32?
32
Suppose -25 + 2 = -u. Suppose 0 = -3*q - 5*m + 17 + 17, -q - 4*m = -u. Suppose 2 = f - 1. What is the highest common factor of q and f?
3
Let g be (15/(-9))/((-6)/648). Suppose 9*m - 117 = g. Calculate the highest common factor of m and 3.
3
Let o be (-92571)/(-708) + 10/8. Calculate the highest common factor of o and 96.
12
Suppose -4*b + b = -6. Let t be 3 + (b/4)/((-1)/2). What is the highest common factor of t and 4?
2
Suppose 0 = -28*h + 23*h + 220. Calculate the greatest common divisor of h and 374.
22
Let v be 22*5/30*3. Suppose v*h = 58 + 1086. Calculate the greatest common factor of h and 8.
8
Let i be (-9240)/(-9) - 24/36. Calculate the greatest common divisor of 54 and i.
54
Let c = -31 + 51. Suppose c = -j + 3*j. Calculate the greatest common factor of j and 2.
2
Let i be (5 - 3) + 27 + (-6 - -2). What is the greatest common divisor of 725 and i?
25
Let k(h) = -h. Let v(i) = 23*i**2 + 8*i + 1. Let l(j) = 6*k(j) + v(j). Let z be l(-1). Calculate the highest common factor of z and 22.
22
Let r = -495 - -563. Calculate the greatest common factor of r and 323.
17
Suppose -x - 2 + 7 = 0. Suppose 28 + 2 = x*z. Suppose 2 + z = j. Calculate the highest common divisor of 40 and j.
8
Suppose -6*a = -3*a - 9. Suppose -5*v + a*t = -138 - 45, 109 = 3*v - t. Suppose -3*p = -7*p + v. What is the greatest common factor of p and 36?
9
Let a(k) = k**2 + 6*k - 140. Let j be a(-16). Let x be ((-2)/2)/((-2)/(-82)). Let n be 1/(-4) - x/4. Calculate the greatest common factor of n and j.
10
Let v = -11 + -26. Let m = -30 - v. Calculate the highest common factor of m and 49.
7
Let h(o) = -11*o + 44. Let k be h(-18). What is the greatest common divisor of 2 and k?
2
Let m be (-3 - 29)*((-39)/(-6))/(-1). Suppose -5*s + 182 = 2*s. Calculate the highest common divisor of s and m.
26
Let j be -3 + 2833 + 2 + -21 + 20. What is the highest common factor of j and 19?
19
Let q = 17 - -2. What is the greatest common divisor of 323 and q?
19
Suppose -2*x = 4*d - 346, -52 = -d + 3*x + 45. Suppose 14*a - 9 = 145. Calculate the greatest common factor of a and d.
11
Let d = -17 + 20. Suppose -d*t + 1 + 8 = 0. Suppose -2*q = -5*w - 104, -t*q + w + 122 = 2*w. What is the greatest common divisor of q and 63?
21
Let m(n) = -10*n - 56. Let c be m(-6). Suppose q + 6 = -c*s + 1, -4*q = -5*s - 64. What is the greatest common factor of q and 33?
11
Let r = 57 + -39. Calculate the greatest common factor of r and 225.
9
Suppose -8*y + 3*y + 80 = 0. Let n = 79 + -75. Calculate the highest common factor of n and y.
4
Let a(p) = 19*p + 13. Let i be a(3). Let y be -2 - (-1 + -2 - -3). Let s = y - -12. Calculate the highest common factor of i and s.
10
Let q(y) = -y**3 - 16*y**2 + 24*y + 89. Let f be q(-23). What is the greatest common divisor of 24 and f?
24
Let n(u) = 2*u**3 - u**2 - u - 4. Let h be n(4). Let z = 47 + 33. Let c = z - 67. Calculate the greatest common factor of c and h.
13
Let o = -13 - -24. Suppose 10*z - 6*z = 40. Suppose -o = -b + z. What is the highest common divisor of 3 and b?
3
Suppose 0 + 3 = -d. Let x be (-3 - -6)*1 - d. Let h = x + -5. What is the greatest common factor of 9 and h?
1
Suppose -4*i + 6*i = 24. Suppose 0 = 4*m - i - 4. Suppose b = m*b - 81. Calculate the highest common divisor of b and 9.
9
Suppose -5*s = 4*g - 38, -5*g - 12 = -5*s + 53. Let x be ((-48)/(-14))/(22/539) + -4. What is the greatest common divisor of s and x?
10
Suppose -5*v + 188 = 3*o, -9*o + 10*o = -5*v + 196. Calculate the greatest common factor of 410 and v.
10
Suppose 3*g = -2*m + 12 - 1, -2*g + 2 = -4*m. Suppose -3*x + b + 17 + 12 = 0, -g*x - b = -37. Calculate the highest common divisor of x and 33.
11
Let x(a) = a**3 + 8*a**2 + 3*a + 19. Let q be x(-8). Let f(z) = -3*z - 10. Let u be f(q). Let b = u + 1. Calculate the greatest common divisor of b and 2.
2
Let b(a) = -a**2 - 12*a + 53. Let u be b(-13). What is the highest common divisor of u and 10?
10
Let o(w) = -w**3 - 2*w**2 - 2*w - 3. Let r be o(-3). Suppose -6*k = -10*k + 8. Let s be 72*k/4*3. Calculate the highest common divisor of s and r.
12
Let x(q) = -281*q**3 - 2 - 153*q**3 - 2*q**2 - q + 1 - q. Let u be x(-1). Suppose -5*p + 67 = -u. What is the highest common factor of p and 40?
20
Let u(k) = 3*k**2 - k - 5. Let j be u(-3). Let p = 10 + j. Let m = p + -23. What is the highest common factor of 60 and m?
12
Let y(u) = u**3 - 4*u**2 + u + 3. Let w be y(3). Let z(j) = -3*j**3 - 2*j**2 - 7*j - 4. Let c be z(w). Calculate the highest common factor of 16 and c.
16
Suppose 2*l = -4 - 8. Let s be (l - -34) + 0/(-1). Calculate the greatest common factor of 70 and s.
14
Let q(x) = x**2 - 20*x - 53. Let t be q(23). What is the highest common divisor of t and 40?
8
Let g(m) = -2*m + 79 - 78 + m**2 + 0*m**2. Let v be g(4). What is the greatest common divisor of v and 72?
9
Let n = 24 - 120. Let d be n - (4 + (-6)/2). Let h = -67 - d. What is the highest common factor of 270 and h?
30
Suppose 2*f - 19 = 5. Suppose y = 1 + 3. Let s be (y/6)/(f/18). Calculate the highest common factor of 3 and s.
1
Let f = -111 - -132. Let k = 294 - 105. Suppose -l + 4*l = k. What is the highest common factor of f and l?
21
Let s be (-4 - -2)*3/(-6). Suppose s + 2 = o. Let i be 3/(-12) - 3/((-36)/399). What is the greatest common divisor of o and i?
3
Suppose 5*j = -4*p + 1, 3*j - 22 = -4*p + 5*j. Suppose -12 = -p*k, x + k - 34 = 177. Calculate the highest common divisor of 26 and x.
26
Suppose -b = -3*b - a + 5, 0 = -3*b + a + 10. Let p be ((-15)/6 + b)/(2/784). Calculate the greatest common factor of 28 and p.
28
Suppose 3*w + 3*g - 8 = 2*g, -10 = -3*w + g. Suppose -l + 3*o + 0*o = -304, -w*o = l - 298. Calculate the highest common factor of 43 and l.
43
Let q(t) = -t**2 - 18*t + 24. Let k be q(-16). Calculate the highest common divisor of 35 and k.
7
Suppose 2*h - 504 = 4*w + 576, 0 = -2*h - 2*w + 1080. What is the greatest common factor of 60 and h?
60
Let i(a) = 30*a. Let j be i(1). Let h be -273*(-1 - (-14)/18) + 8/(-12). Calculate the highest common divisor of h and j.
30
Let k(f) = -f**2 - 14*f + 82. Let j be k(-16). Let w(l) = 10*l**2 - l + 1. Let q = 5 + -4. Let c be w(q). Calculate the greatest common factor of c and j.
10
Let h be 6/3 + 0 + 3. Suppose -8*s = -h*s - 18. Suppose 4*y - 38 = -s. What is the greatest common factor of y and 4?
4
Let y = 525 + -283. Calculate the greatest common divisor of 110 and y.
22
Let y = 745 + -707. Suppose -4*f - r + 757 = 0, 2 = 2*r + 8. Calculate the greatest common factor of f and y.
38
Let u be (-12)/(-2)*4*2. Let i be 1772/24 + (-15)/18. Suppose 4*l - i - 3 = -3*d, -5*l = -d + 19. What is the greatest common divisor of d and u?
24
Let m be ((-14)/42)/(2/6). Let q be (-45)/m + (1 - 1). Let h(t) = t**2 + 3*t - 1. Let l be h(2). Calculate the highest common factor of q and l.
9
Suppose 6*l - 37 = l + 4*c, 0 = 3*l + 2*c - 31. Let m(j) = -j**2 + 11*j + 6. Let t be m(5). What is the highest common factor of l and t?
9
Let f(a) = -a**3 + 10*a**2 + 2*a + 9. Let j be f(9). Let r = -146 - -158. Calculate the highest common factor of j and r.
12
Suppose 2*j = 5*m - 24 - 80, -2*m + 2*j = -38. What is the greatest common factor of m and 22?
22
Suppose 7*k + 17*k = -12*k + 864. Suppose 0*m - 2*m + 328 = -2*q, 2*q - 8 = 0. Calculate the highest common factor of k and m.
24
Let u be (-4)/(-2*(-3)/(-12)). Suppose -900 = -u*z + 3*z. Let s(n) = 4*n**2 + n + 2. Let l be s(2). Calculate the highest common factor of l and z.
20
Suppose 0 = -24*j + 28*j + 5*q - 2457, q = 5. What is the highest common factor of 95 and j?
19
Suppose -97*t + 93*t = o - 207, -5*o = 3*t - 168. Calculate the greatest common divisor of t and 51.
51
Let k(w) = -w**2 - 5*w + 278. Let j be k(0). Let y = -198 + j. What is the greatest common factor of y and 20?
20
Suppose 51*r = 48*r + 78. What is the greatest common factor of r and 442?
26
Let t(r) = 57*r + 50. Let n be t(3). What is the highest common factor of 39 and n?
13
Let s = 38 - -6. Let f(z) = -9*z - 7. Let m be f(-2). Calculate the greatest common divisor of s and m.
11
Let u be 4/(-3*4)*-9. Let i be (3/(-2))/u*-8. Suppose -i*q = 2*w + 2*w - 52, -2*w = 4*q - 26. Calculate the greatest common divisor of w and 